ate the highest common divisor of 16454 and 4294.
38
Calculate the highest common divisor of 196923 and 9348.
123
Calculate the greatest common factor of 2294 and 1515776.
62
Calculate the greatest common divisor of 88724 and 898228.
164
What is the highest common factor of 95292419 and 155?
31
Calculate the highest common divisor of 1557 and 13649589.
9
What is the highest common divisor of 255 and 3589813245?
255
What is the highest common divisor of 5350 and 3278?
2
Calculate the highest common divisor of 19 and 48807903.
19
What is the highest common factor of 580 and 416444060?
580
What is the highest common divisor of 712208 and 51464?
56
Calculate the greatest common factor of 49735 and 97270292.
1421
Calculate the highest common factor of 37675 and 1427129.
1507
Calculate the highest common factor of 22479491 and 119.
17
Calculate the highest common factor of 20432370 and 745.
745
What is the greatest common factor of 12717436 and 1644?
548
What is the greatest common factor of 1 and 2025577?
1
What is the highest common divisor of 192 and 1720080?
48
What is the highest common divisor of 28 and 4594396?
4
Calculate the greatest common factor of 550 and 1362350.
550
What is the highest common factor of 76 and 70707531?
19
Calculate the highest common divisor of 34103722 and 64929.
941
Calculate the greatest common divisor of 386781 and 200991.
1689
What is the highest common factor of 3563868 and 160930?
2926
Calculate the highest common divisor of 450551 and 188639.
1559
Calculate the highest common factor of 322938 and 5292.
126
Calculate the highest common divisor of 2294 and 30247537.
1147
What is the greatest common divisor of 623216 and 93104?
176
Calculate the highest common divisor of 5034 and 31856830.
1678
Calculate the highest common factor of 1420904 and 2303.
47
Calculate the greatest common divisor of 26399002 and 623.
623
Calculate the highest common factor of 80 and 1732740.
20
Calculate the greatest common factor of 7580 and 131155224.
1516
Calculate the greatest common factor of 4692870 and 65650.
130
What is the greatest common factor of 2714 and 28142882?
118
Calculate the highest common divisor of 110191 and 303.
101
Calculate the highest common factor of 11712140 and 2130.
10
Calculate the highest common divisor of 465254 and 5272.
1318
Calculate the greatest common divisor of 1253 and 42084332.
179
What is the highest common factor of 19275 and 22675?
25
Calculate the highest common factor of 13735511 and 144808.
787
Calculate the highest common factor of 345950 and 75106.
34
Calculate the greatest common factor of 35971690 and 80.
10
Calculate the greatest common divisor of 245296 and 296.
8
What is the greatest common divisor of 62445216 and 1224?
408
What is the greatest common divisor of 105689370 and 46?
46
Calculate the greatest common divisor of 2840 and 68181300.
1420
What is the highest common factor of 59857 and 3567739?
119
Calculate the greatest common factor of 256 and 141895808.
128
What is the greatest common divisor of 101676 and 678?
6
Calculate the greatest common divisor of 218125 and 83125.
625
What is the greatest common divisor of 210 and 2655510?
30
What is the highest common divisor of 1530 and 28245296?
34
Calculate the greatest common factor of 29 and 70827773.
29
Calculate the highest common factor of 10688656 and 12100.
484
What is the highest common divisor of 45325 and 928256?
1813
What is the greatest common divisor of 149512 and 275792?
88
Calculate the highest common divisor of 1056425 and 31650.
25
Calculate the greatest common factor of 31819872 and 3.
3
What is the greatest common divisor of 7836560 and 7360?
1840
What is the greatest common divisor of 647673 and 35724?
39
Calculate the highest common divisor of 599 and 37192509.
599
Calculate the greatest common factor of 3288 and 1295746.
274
What is the highest common factor of 25924986 and 12?
6
What is the greatest common factor of 970458448 and 64?
16
What is the greatest common factor of 5479227 and 1989?
117
Calculate the highest common divisor of 945 and 29234709.
189
Calculate the greatest common factor of 3351810 and 20370.
210
What is the highest common factor of 1480376 and 71037?
877
What is the greatest common divisor of 120788628 and 16?
4
What is the highest common factor of 11529 and 213003?
189
What is the highest common factor of 130940124 and 84?
84
What is the highest common factor of 4437 and 24819099?
1479
Calculate the highest common factor of 343523 and 17531.
47
Calculate the highest common factor of 74935 and 133.
7
What is the highest common factor of 1088 and 37213248?
64
What is the highest common factor of 1176 and 303936?
24
What is the highest common factor of 3448 and 48101324?
1724
Calculate the highest common divisor of 12646634 and 154.
154
Calculate the highest common divisor of 238368 and 2725188.
2292
What is the greatest common factor of 1254923 and 289?
17
Calculate the greatest common factor of 38017 and 112693.
7
What is the greatest common factor of 96208 and 448322?
14
Calculate the greatest common divisor of 221888028 and 41260.
8252
Calculate the greatest common factor of 21049 and 73997.
217
Calculate the highest common divisor of 6664 and 87771.
17
Calculate the highest common divisor of 144145764 and 756.
756
Calculate the highest common divisor of 41085 and 257895.
495
What is the highest common divisor of 82894 and 3124951?
191
What is the greatest common factor of 283 and 503287766?
283
Calculate the highest common divisor of 18453721 and 7293.
2431
Calculate the highest common divisor of 3140616 and 3864.
24
Calculate the greatest common factor of 19 and 1429798013.
19
Calculate the greatest common divisor of 27 and 4784643.
27
Calculate the greatest common divisor of 6777383 and 29886.
293
What is the greatest common divisor of 19854315 and 129519?
3159
What is the highest common factor of 2940 and 9436812?
588
What is the highest common divisor of 13625 and 1626280?
545
Calculate the highest common divisor of 25 and 96549575.
25
Calculate the greatest common divisor of 148915 and 129155.
65
Calculate the highest common factor of 2223652 and 33218.
1954
What is the greatest common divisor of 13227 and 538334491?
4409
Calculate the highest common divisor of 4770 and 32445010.
530
Calculate the highest common divisor of 30104 and 6982856.
424
What is the greatest common divisor of 4918740 and 390?
30
What is the highest common divisor of 160 and 13091420?
20
What is the greatest common factor of 4907 and 6587?
7
Calculate the greatest common divisor of 74701 and 1638.
1
Calculate the highest common factor of 105413 and 3861.
11
What is the highest common factor of 8121688 and 1241?
73
What is the highest common factor of 17395 and 2066330?
245
What is the greatest common divisor of 88942439 and 52835?
10567
What is the greatest common divisor of 654 and 2077322?
218
What is the greatest common factor of 422 and 15828587?
211
What is the greatest common divisor of 100 and 13972680?
20
What is the greatest common divisor of 14594380 and 20?
20
Calculate the highest common divisor of 590 and 3480469.
59
What is the greatest common factor of 188 and 31105446?
94
What is the greatest common factor of 159067 and 10001?
73
What is the greatest common divisor of 549 and 502490367?
549
What is the greatest common divisor of 442896 and 2576?
16
What is the greatest common factor of 33110 and 29949199?
301
What is the greatest common factor of 1417373 and 5751?
71
Calculate the greatest common divisor of 706008911 and 12183.
4061
Calculate the greatest common divisor of 32428 and 30879496.
268
What is the highest common factor of 213915 and 1599?
39
What is the greatest common divisor of 35812 and 10906?
14
What is the greatest common divisor of 4645674 and 6897?
363
Calculate the highest common factor of 9690 and 177090.
30
What is the greatest common divisor of 740 and 1832680?
20
Calculate the highest common divisor of 107134 and 623254.
782
What is the highest common divisor of 2330347098 and 74?
74
What is the greatest common factor of 37765 and 84207235?
2905
What is the highest common factor of 342336566 and 6935?
1387
Calculate the greatest common divisor of 245 and 39706